 - 15. What is m(z)?
-55
Let g = -1 + -5. Let x(b) be the third derivative of -b**2 - 1/3*b**3 + 1/4*b**4 + 20*b + 1/120*b**6 + 0 + 7/60*b**5. Give x(g).
-2
Suppose 0 = 2*u - 3*u - 3. Let t(h) = 26*h - 617. Let o be t(24). Let l = o + u. Let z(s) = -s**3 + 4*s**2 + 3*s - 6. Give z(l).
6
Let b(h) be the third derivative of -h**5/120 - 7*h**4/24 + 95*h**3/3 + 3*h**2 - 31*h. Let u(t) be the first derivative of b(t). Give u(-8).
1
Let p(g) = 62*g + 5. Let f be p(0). Let a(z) = z**3 - 4*z**2 - z - 7. What is a(f)?
13
Let l(x) = 2*x - 4. Let v be l(4). Let d(k) be the second derivative of -k**6/360 + 25*k**4/12 + 26*k. Let z(i) be the third derivative of d(i). Give z(v).
-8
Let z(p) be the first derivative of 2*p**3/3 + 10*p**2 + 9*p - 189. Determine z(-8).
-23
Let c(m) = m**3 - 7*m**2 + 8*m - 5. Let b(u) = 102*u - 17. Let i be b(2). Let h = i + -181. Calculate c(h).
7
Let n(y) = -y**2 + 8*y - 24. Let a(j) = j**3 + 5*j**2 - 4*j - 15. Let g be a(-3). Determine n(g).
-129
Let t(h) be the third derivative of 5/6*h**3 + 5*h**2 + 1/24*h**4 + 0*h + 0. Let i be (26 + -24)*6/(-4). Calculate t(i).
2
Let c = 0 + 8. Let s(b) = -b**2 + 2*b**2 + b - c - 9*b + 2*b. Let m = -497 - -505. What is s(m)?
8
Let m(f) = -338*f + 3732. Let z be m(11). Let r(a) = -a**3 + 14*a**2 + a. Calculate r(z).
14
Let i be 8/10 + (-132)/(-10). Let b(g) = -2*g**2 - 18*g + 10. Let d(q) = -q**2 - q. Let v(a) = b(a) - 3*d(a). Give v(i).
-4
Let c(x) = -x**3 - x**2 + 3*x + 4. Let f be 15/35*189/(-81). What is c(f)?
1
Let k(h) = 2*h**2 + h - 1. Let u(g) = -7*g**2 - 9*g + 4. Let b(s) = -6*k(s) - u(s). Let x(p) = -14*p**2 + 9*p + 5. Let q(a) = 8*b(a) - 3*x(a). Calculate q(2).
3
Let d(x) be the third derivative of -x**6/60 + 43*x**5/60 - 5*x**4/6 - 15*x**3/2 + 10905*x**2. Calculate d(21).
-24
Let k(n) = -7*n**3 + 2*n + 1. Let u(j) = -j**3 + 10*j**2 - 7*j - 15. Let f be u(9). Suppose 0 = 214*z - 211*z + f. Determine k(z).
6
Let d(y) = y - 7. Suppose -130 = -24*q + 158. Let f be (2 - q)/(5/(-4)). Determine d(f).
1
Let v(h) = -15. Let n(d) = -d + 62. Let r(l) = n(l) + 5*v(l). What is r(-8)?
-5
Let j(l) = 6*l**2 - 3256*l**3 + 7 + 5 + 3258*l**3 - 4*l. What is j(-4)?
-4
Let h(s) be the first derivative of 2*s**3/3 + 23*s**2/2 + 24*s + 445. What is h(-12)?
36
Let l = 3318 + -3327. Let m(v) = -18*v - 165. What is m(l)?
-3
Suppose -30*i - 3 = -31*i. Suppose 0 = -i*a + 2 + 19. Suppose 10*l = a*l. Let p(q) = q + 13. Calculate p(l).
13
Let o(v) be the second derivative of -v**5/20 - v**4/4 + v**3 - 19*v**2/2 + 2*v - 386. Calculate o(-5).
1
Let z(m) be the third derivative of 3*m**4/4 - m**3/6 + 4*m**2 + m - 588. Suppose 2*b + 2 = 4*c, 2*b - 1 = -c + 2. What is z(c)?
17
Suppose 5*p - 4*g - 35 = 0, -3 = -2*p - 4*g - 17. Let y(z) = -5*z + 3*z + 743 + p*z - 726. What is y(-6)?
11
Suppose -8627*z = -3*m - 8626*z - 16, 2*m = 3*z - 6. Let n(d) be the second derivative of d**5/20 + 7*d**4/12 + d**3 - 3*d**2 + d. Calculate n(m).
-6
Let d(o) be the second derivative of -o**4/12 + 29*o**3/6 + 7*o**2/2 - 15*o + 30. Give d(29).
7
Let g = 430 - 425. Let w(c) = 58*c**3 - g*c + 6 - 5*c**2 - 57*c**3 - c - 16. Give w(7).
46
Let p(z) = -3 - 1 + 0 + 1 - 2*z. Let t be (-10)/(-5)*(9 + -10). Give p(t).
1
Let o(a) = -a**3 + 5*a**2 + 4*a + 4. Suppose 6*h - 22 = 20. Let j be 4/h + 2046/(-77). Let i = j - -32. Calculate o(i).
-8
Let r = -47 - -19. Let h = r + 28. Let t(g) = -1 - 148*g**2 + 149*g**2 + 1. What is t(h)?
0
Let l be (-8)/8 - 1 - -5. Let q(z) = z**3 - z**2 - 3*z. Calculate q(l).
9
Let w(i) = -76*i - 21. Let u(s) = 224*s + 73. Let p(m) = 2*u(m) + 7*w(m). Determine p(-1).
83
Let u(z) = 4*z**2 + 49*z + 146. Let g be u(-6). Let f(s) = -3*s + 0*s**2 + 0*s**2 + s**2 - 5 - 2*s**2. Calculate f(g).
-9
Suppose 3*z = 257 - 254. Suppose 10*d - 14*d + 120 = 0. Let h(k) = 9 + 32*k + 9 - d + 11. Give h(z).
31
Suppose 3*s - r = 6*s - 29, s + 2*r - 3 = 0. Let j(z) = z**2 - 13*z + 16. Calculate j(s).
-6
Let g(b) = 2*b**2 + 23*b + 12. Suppose -277*r - 108 = -125*r - 140*r. What is g(r)?
-33
Let d(k) be the third derivative of k**4/12 + k**3/6 + 2*k**2. Suppose -46*a - 2*n - 1 = -45*a, -11 = -a + 4*n. What is d(a)?
7
Let p(t) = -111*t**3 + t**2 + 3*t + 2. Suppose -16*s + 3*s + 4*s - 9 = 0. Give p(s).
111
Suppose 260*l = 252*l + 48. Let y be (-55 - -52)/((-2)/l). Let z(j) = -j**3 + 8*j**2 + 9*j - 9. What is z(y)?
-9
Let j(t) = -2*t**2 + 12*t - 24. Suppose 8 = 5*z + 3*a, -5*z = -7*z + 5*a + 28. What is j(z)?
-8
Let w(x) be the first derivative of x**3 - x**2 - x + 3956. Determine w(5).
64
Suppose 973 = -413*z - 3570. Let m(v) = v**3 + 11*v**2 + 2*v + 15. What is m(z)?
-7
Let j(w) = 53*w + 629. Let o(c) = c**3 + 73*c**2 + 142*c - 12. Let i be o(-71). Give j(i).
-7
Let p(s) = s**2 + 10. Let c be p(0). Suppose 7*a = 2*a + c. Let i(d) = -d**3 + 2*d - 394*d**2 + 812*d**2 - 420*d**2. Determine i(a).
-12
Let j(m) = 2*m - 6*m + 445 - 2*m - 455. Give j(-5).
20
Let l(w) = -7*w**3 + w**2 - 9*w - 7. Let f(p) = -16*p**3 + 2*p**2 - 21*p - 15. Let k(q) = 2*q - 47. Let b be k(22). Let t(y) = b*f(y) + 7*l(y). Calculate t(0).
-4
Let f be -6514*(5/5 + -2). Let d(g) = 6516*g - 1 - f*g - 2. What is d(2)?
1
Let h(x) = -46*x - 11. Let p(i) = -42*i - 9. Let n(z) = -6*h(z) + 7*p(z). Calculate n(4).
-69
Suppose 0 = 14*h - 18*h, m - 2*h = 5. Let d(a) = -2*a + 19. What is d(m)?
9
Let k(q) = -3*q**3 + 9*q**2 - 2*q + 5. Let c(a) = 10*a**3 + 28*a - 28*a**2 - 58*a + 37*a - 14. Let p(i) = 2*c(i) + 7*k(i). What is p(7)?
7
Let a(n) = n + 4. Suppose -5*p = -m + 3 - 15, -p + 6 = m. Suppose m*w + 21 = 3. What is a(w)?
-2
Suppose 5*q = 5*c - 3170, -10*q = -8*q - 10. Let t = c + -659. Let h(y) = y + 24. Calculate h(t).
4
Let r(s) = -s**2 + 14*s - 4. Let w be r(14). Let x(d) = -d**2 - 6*d - 264. Let z(o) = -o**2 - 6*o - 293. Let n(l) = 10*x(l) - 9*z(l). Calculate n(w).
5
Let w(c) be the first derivative of c**3/3 - 2*c**2 - 6*c - 1602. Let f = 10 - 5. What is w(f)?
-1
Let i(a) = -9*a - 45. Suppose 5*z + 780*s - 779*s - 24 = 0, -29 = -5*z + 4*s. Determine i(z).
-90
Let n(v) be the first derivative of -v**2 + 9*v + 14. Let x be 7*1/(-84) + (2 - 305/(-60)). What is n(x)?
-5
Let g(y) be the second derivative of -2*y**3/3 - 5*y**2/2 - 48*y. Determine g(6).
-29
Let h be (-6)/27 - (-86854)/18. Let u(l) = 0*l + h - 4827 + 6*l. What is u(4)?
22
Let i(p) be the second derivative of 0 - 1/2*p**2 + 8*p + 7/3*p**3. Let r(l) = l**2 - 38*l + 71. Let g be r(36). Calculate i(g).
-15
Let g(p) = -p**3 + 9*p**2 + 12*p - 21. Let z be (4/3 - 19/3)/(-5). Let v be (-2)/(-3 + 3 + z/(-5)). Determine g(v).
-1
Let j(n) = 1037 + 5*n**2 - 8*n**2 - 18*n + 0*n**3 - 1086 + 18*n**2 + n**3. Calculate j(-16).
-17
Let r = -1694 + 1700. Let v(q) = -17*q + 18. Let z(m) = -9*m + 9. Let x(h) = -4*v(h) + 7*z(h). Determine x(r).
21
Let z(b) = -4*b**2 + 9*b**2 + 4 - 6*b - b**3 + 0*b. Let w(x) = -37*x - 354. Let i be w(-10). Suppose -i = h - 20. Calculate z(h).
-4
Let b(x) = -2*x**3 - 31*x**2 + 24*x + 122. Let u be b(-16). Let p(z) = 4*z + 12. What is p(u)?
-12
Let y(m) = -m**3 - 4*m**2 + 6*m + 1. Let h(f) = -6 - 4 - 12*f**2 + 23*f**2 + 5 - f**3. Let i be h(11). Calculate y(i).
-4
Let d(z) = 21*z**2 - 9*z + 40. Let y(o) = 47*o**2 - 17*o + 81. Let x(u) = -9*d(u) + 4*y(u). Calculate x(10).
-6
Let s(g) be the first derivative of g**5/20 + g**4/3 - g**3/2 + 52*g + 69. Let o(n) be the first derivative of s(n). Give o(-5).
-10
Let g(q) = 3*q**2 - 5*q - 1. Suppose 95 = -143*y + 10 - 58. Determine g(y).
7
Let z(s) = -3*s + 2458. Let p(f) = -2*f + 1536. Let n(o) = 8*p(o) - 5*z(o). Let u be (-26)/10 - 2/5. Calculate n(u).
1
Suppose 0 = 2*g + 5*b - 0*b - 80, 4*b = 0. Suppose 11*t - 15 = g. Let n(h) = 4 - 16 - 5*h - h + t*h. Determine n(-6).
-6
Let c(k) = 8*k**2 + k. Let s = -18 - -15. Let m be (s/3 - -4) + 4. Let w = m - 8. Give c(w).
7
Let p be 12/(-9)*6/(-4)*1. Let o(k) = 11*k + 10 - 3 + k**p + 6. Determine o(-9).
-5
Let v(q) = -3*q + 34. Suppose -1722 - 3177 + 769 = -295*h. Give v(h).
-8
Let a = 764 + -757. Suppose 7*q - 28 = -a. Let b(z) be the third derivative of z**5/60 - 5*z**4/24 + 2*z**3/3 - 2*z**2. Determine b(q).
-2
Suppose -132*x + 29 = -103. Suppose 14 = 4*q - 2. Let g(v) = v - q*v**2 - 1 - 2*v + 16*v**2 + 3*v. Give g(x).
13
Let w(l) = -l**3 - 10*l**2 + 12*l + 26. Suppose -2695 = 473*i + 4933 - 2425. What is w(i)?
15
Let